0 - 0)?
1
Suppose 2*k - 96 - 4858 = -j, 0 = 5*k - 3*j - 12363. What is the thousands digit of k?
2
Let i = 210 + 4. What is the tens digit of i?
1
Let a(t) be the second derivative of t**5/20 + t**4/3 + 5*t**3/6 + 2*t**2 - 5*t. Let n be a(-4). Let v = -10 - n. What is the units digit of v?
6
Suppose p - 30 - 53 = 0. Suppose -g + 4*v + 41 = 2, -2*g + p = -3*v. What is the tens digit of g?
4
Let h = 1073 - -539. What is the thousands digit of h?
1
Let h be (-271)/(((-99)/(-15))/(-3) - -2). Suppose 2*p - 1355 = -5*s + 4*p, 5*s - p - h = 0. What is the units digit of s?
1
What is the tens digit of 327/(-218) - 16482/(-4)?
1
Let t(h) = 5*h - 24. Let s be t(6). Let p = 10 + s. What is the units digit of p?
6
What is the hundreds digit of 0 - 5 - -529*1?
5
Let x(s) = -s - 2. Let q be x(-5). Suppose 0 = -2*c + 4*b, -c + 24 = q*c + 4*b. Suppose c*j - 13 = 3*j + k, j - 22 = 4*k. What is the tens digit of j?
1
Let b(t) = -t**3 - 12*t**2 - 10*t + 16. Let n be b(-11). Suppose n*x + 3*r = 1236, -7*x + 5*x - 5*r = -483. What is the tens digit of x?
4
Suppose -3685 = -s + k + 4*k, 2*k + 8 = 0. What is the units digit of 2/7 - s/(-35)?
5
Suppose -m - 792 = -5*m. Suppose 8*r - 2*r = m. What is the tens digit of r?
3
Let v(q) = 7*q**2 - 74*q - 36. What is the tens digit of v(27)?
6
Let s be 0 - (-554)/14 - 51/(-119). Let p = -2 + s. What is the tens digit of p?
3
Suppose -37*h - 18619 = -52104. What is the hundreds digit of h?
9
Suppose 2*t = 3*p + 1, 4*t = p + 5 + 2. Suppose 744 = 3*u + q, u + t*q - 124 = 124. What is the tens digit of u?
4
What is the hundreds digit of (24504/(-21))/(-2) - 24/56?
5
Let r(f) = f**2 + 1. Let x(j) = 7*j**2 - 9*j + 20. Let k(y) = 6*r(y) - x(y). What is the units digit of k(5)?
6
Let l be (-4)/10 - (-9)/(-15). Suppose -25 = -4*t - 4*f + 9*f, 0 = 4*t - 3*f - 31. What is the units digit of -2 - 0 - t*l?
8
Suppose -3*s - 248 = -221. Let r(a) be the second derivative of -a**4/12 - 11*a**3/6 + 5*a**2/2 + a. What is the units digit of r(s)?
3
Let z = 171 - 66. Suppose 5*i - 185 = z. Suppose 0 = 5*g - 7*g + i. What is the tens digit of g?
2
Suppose 0 = w - 2*t - 2537, -2*w + t + 5375 - 292 = 0. What is the hundreds digit of w?
5
Suppose 4*y = -2*f - 672, -3*y = 2*f - 5*y + 690. What is the units digit of (2 - 1)/(f/(-170) + -2)?
5
Let t = 3 - 2. Let k = 16 + 56. What is the tens digit of t - 1*k/(-2)?
3
Let u = -212 - -309. Let p = -61 + u. Suppose -w = w - p. What is the units digit of w?
8
Suppose 2*u - 4 + 6 = 0. What is the units digit of 103/4 - u/4?
6
What is the tens digit of (-7)/(28/16) + 313 + 5?
1
Let f(q) = -7*q - 26. Let r(b) = 13*b + 53. Let h(t) = 7*f(t) + 3*r(t). What is the hundreds digit of h(-15)?
1
Suppose 3*j = -4*a - 13, 5*a + 28 = 5*j + 3. Let k(t) = 52*t - 1. What is the units digit of k(j)?
1
Let t(a) = 9*a**2 + 9. Let d be t(-4). Suppose -665 = -4*q - d. What is the units digit of q?
8
Let j(a) = a**3 + 11*a**2 - 13*a - 4. Let k be j(-12). Suppose -9*m + 45 = -k*m. What is the units digit of m?
5
Let z(q) = 231*q - 251*q - 42 + 2. What is the hundreds digit of z(-7)?
1
Let c(z) = -z - 6. Suppose 4*i - 3*m = -14, -2*m = 5*i + 10 + 19. Let o be c(i). Let q = o - -14. What is the tens digit of q?
1
Let g(u) = 12*u**2 + u - 8. What is the hundreds digit of g(4)?
1
Let c = 1360 - 879. What is the tens digit of c?
8
Let t be 126/28*(-3 - -1). Let k(z) = 2*z**2 - 2*z + 25. What is the hundreds digit of k(t)?
2
Suppose -162 - 342 = -6*w. What is the units digit of 7/(w/16)*(-351)/(-6)?
8
Suppose -8 = a - 6*a + 4*k, 0 = 2*a - 5*k + 7. Suppose 2*t = 5*m + t - 16, -2*m = -3*t + a. Let p(c) = c**3 - 3*c**2 + 3*c + 1. What is the units digit of p(m)?
9
Let w be (-4)/8 + (-27)/(-6). Suppose 532 = w*z + 148. Let m = 165 - z. What is the tens digit of m?
6
Let n = 23 - 37. Let u = n + 9. Let c = u - -7. What is the units digit of c?
2
What is the hundreds digit of 16 + -6 + (173 - -4)?
1
Let o be (2 - (-11048)/14) + 1/(-7). Suppose 0 = 3*r - 10*r + o. What is the tens digit of r?
1
Let b(j) = -3*j**3 - 3*j**2 + 20*j + 37. What is the hundreds digit of b(-7)?
7
Let p be (2 + -1)/(1/(-111)). Let w = p + 30. Let q = 125 + w. What is the units digit of q?
4
Suppose 2*x = g + 463 + 1789, 0 = x - 4*g - 1119. What is the tens digit of x?
2
Let i(h) = h**2 - 11*h - 10. Let s be 5*(-10)/75 - (-82)/6. What is the units digit of i(s)?
6
Suppose -a + 4*a + 12 = 0. Let y = -2 - a. Suppose y*u - 6*u = -284. What is the units digit of u?
1
Let o(u) = u + 1. Let i be o(3). Suppose -3*f + 13 = -i*f. What is the tens digit of (f/3)/((-6)/18)?
1
Suppose 0 = -2*u - 2*v - 2, -2*v = -6*v + 4. Let g(r) = 4*r**2 - 5 + 7 + r + 1. What is the tens digit of g(u)?
1
Let a(b) = b**3 - 3*b**2 + 13*b - 19. What is the hundreds digit of a(10)?
8
Let h = -503 - -864. Let n = h + -254. What is the units digit of n?
7
What is the hundreds digit of 653652/216 - (-1)/(-12)*2?
0
Let s = -128 + 404. What is the tens digit of 0 + s - (-5 - 3)/8?
7
Suppose -o + 3 = -s, 0 = 4*s + 3*o + 1 - 3. Let a = -6 - s. What is the units digit of 10/a + 23 - 4?
7
Suppose -5*h + 224 + 801 = 2*s, 198 = h - s. What is the units digit of h?
3
Let m = 137 - 133. Suppose m*v - 9*v = 4*i - 344, 3*v - 4*i = 232. What is the units digit of v?
2
Let x(i) = -60*i - 10. Suppose -76*a + 72*a - 12 = 0. What is the hundreds digit of x(a)?
1
Let u = 348 + -245. Suppose -5*g - 2*l = -181, 3*g + 4*l + 0*l - u = 0. What is the tens digit of g?
3
Let f(j) = j**3 - 7*j**2 - j + 7. Let r be f(7). Suppose r*x + 4*x = 192. What is the tens digit of x?
4
Let s = -94 - -179. Let r = 120 - s. Let f = 79 - r. What is the units digit of f?
4
Let p = -325 - -943. What is the units digit of p?
8
Let z(v) = 2*v**2 + 2*v + 1. Let s be z(3). What is the tens digit of 289/5 - 20/s?
5
Let y be 24/15 - 2/(-5). Let p(a) = 13*a - 8. Let h be p(1). Suppose 0 = -h*r + 98 + y. What is the units digit of r?
0
Let k = 501 - 501. Let r be 2*(78/(-4))/(-3). What is the units digit of 5 - 6 - (k - r)?
2
Let a(l) = l - 4. Let c be a(11). Let w = c - 3. Suppose 25 - w = k. What is the tens digit of k?
2
What is the hundreds digit of ((-1)/((-1)/(-2502)))/(-25 + 23)?
2
Let o(q) = 2*q**3 - 3*q**2 - 16*q - 10. What is the units digit of o(8)?
4
Let k(r) = 9*r**2 - 2*r - 46. What is the units digit of k(-8)?
6
Let c(q) = -q**3 + 14*q**2 + 7*q - 4. What is the units digit of c(7)?
8
Suppose 67 + 1739 = w. What is the units digit of w?
6
Let t be (-9)/4 + 18/(-24). What is the units digit of (-4)/(t + -2 + 3)?
2
Let r be (15/(-10))/((-9)/30). Suppose 5*h - 702 = r*d + 63, 451 = 3*h - d. What is the tens digit of h?
4
What is the thousands digit of (-36 + (3 - 6))*-41?
1
Suppose 0 = 4*p + 4 - 28. Suppose 0 = -p*b + b - c + 322, -4*c = -4*b + 248. What is the units digit of b?
4
Let h = 6 + 49. Suppose -4*p = -7*p. Suppose 0 = -p*q - 5*q + h. What is the tens digit of q?
1
Let r(d) = -d**3 - 6*d**2 + 5*d + 13. Let u be r(-6). Let w = u + 17. Suppose -4*i - 3*n + 167 = 0, 2*n - 5 - 5 = w. What is the tens digit of i?
3
Let d(t) = t**3 - 4*t**2 + 4*t + 2. Let m be d(4). Let o be 4*(-3)/m*-33. Suppose o*h - 23*h = -76. What is the tens digit of h?
7
Suppose 218 = -3*b + x + 2088, -x = 3*b - 1868. What is the tens digit of b?
2
Suppose -6*f = -f - 10. Let r be (-15)/f*(-48)/(-9). What is the tens digit of 1/((-2)/r) + -1?
1
Let x = 54 + -76. Let f = x + 15. Let p = -3 - f. What is the units digit of p?
4
Let v(b) = 20*b + 1. Suppose -2*p - 2*p = 8. Let l be v(p). Let h = l + 58. What is the units digit of h?
9
Let q = 1198 + -821. What is the hundreds digit of q?
3
Let f(n) = 21*n**3 + 1. Let d(z) = 2*z - 7. Let u be d(6). Let s be 1 - (u + -2) - -3. What is the units digit of f(s)?
2
Let p = -2 - -32. Suppose -p = -30*o + 25*o. What is the tens digit of (24/2)/(o/16)?
3
Let u(y) = -7*y - 28. Let n be u(-5). What is the hundreds digit of 1*(142 + -2) - 0/n?
1
Let r = -1828 - -4295. What is the units digit of r?
7
Let h be 72/(-16)*12/(-9). Let w = -2 + h. Suppose -u + p + 34 = -w*p, 0 = 3*p + 9. What is the tens digit of u?
1
Let a = 1 + 4. Let r be (a/(-15))/((-4)/(-948)). Let n = 151 + r. What is the units digit of n?
2
Let x(n) = -n**3 - 3*n**2 - 6*n - 5. Let z be x(-2). Suppose -110 = -4*u + 8*s - z*s, 2*u + 4*s = 42. What is the te